 8, what is -157 + -2?
-161
In base 4, what is 102332 - 21?
102311
In base 7, what is 4 + -15126?
-15122
In base 6, what is 305 + -1?
304
In base 8, what is 16 + -200?
-162
In base 2, what is -10000 - -10001101?
1111101
In base 13, what is 85a + 0?
85a
In base 12, what is -347 - 1?
-348
In base 9, what is -1334 + -1?
-1335
In base 11, what is -a + -5?
-14
In base 15, what is -6 - -77?
71
In base 4, what is 1 + 133?
200
In base 14, what is -5 + -a9?
-b0
In base 4, what is -2 - 300?
-302
In base 10, what is 715 + -10?
705
In base 11, what is -17 - 5?
-21
In base 9, what is -2 - -144?
142
In base 11, what is -295 + 7?
-289
In base 10, what is -10 + 112?
102
In base 6, what is 0 + 23?
23
In base 7, what is -116 + -151?
-300
In base 5, what is -1230 - 3?
-1233
In base 15, what is 22 + 1?
23
In base 6, what is 221 - -1441?
2102
In base 11, what is 28 + 2?
2a
In base 2, what is 101 - 1111000?
-1110011
In base 8, what is 4 - -355?
361
In base 15, what is -2 - -4bd?
4bb
In base 8, what is 276 + 2?
300
In base 13, what is 1aa + 5?
1b2
In base 4, what is -2 - 113202?
-113210
In base 15, what is b1 + -c?
a4
In base 9, what is -11 - -1?
-10
In base 14, what is 2 - 20?
-1c
In base 12, what is -37 - 1?
-38
In base 9, what is -4 + 104?
100
In base 11, what is 71 - 5?
67
In base 15, what is 9 + ab?
b5
In base 10, what is 555 - 1?
554
In base 16, what is 5 - 1176?
-1171
In base 5, what is -1 - 123002?
-123003
In base 6, what is -353 + 0?
-353
In base 8, what is -124 - -3?
-121
In base 10, what is 446 + -4?
442
In base 16, what is -60 + -3?
-63
In base 11, what is 8 - -576?
583
In base 3, what is -120120 + 11?
-120102
In base 7, what is 3103 + -24?
3046
In base 2, what is 1 - -11001010?
11001011
In base 10, what is -15 - 131?
-146
In base 9, what is -3 - -2?
-1
In base 5, what is -4 + -10204?
-10213
In base 16, what is c - -ad?
b9
In base 15, what is -18 + ad?
95
In base 9, what is 221 - -24?
245
In base 6, what is -203 + -44?
-251
In base 14, what is -dd - 3?
-102
In base 13, what is 14b0c + 1?
14b10
In base 13, what is 0 + 898?
898
In base 3, what is -1102 - -12?
-1020
In base 16, what is 150 - -3?
153
In base 10, what is -1168 + 22?
-1146
In base 10, what is 15 + 14?
29
In base 13, what is 6a + -8?
62
In base 3, what is 220222 + 1?
221000
In base 2, what is -1001110 - 0?
-1001110
In base 12, what is 13 + -3?
10
In base 13, what is 5 + -161?
-159
In base 9, what is 2 - 407?
-405
In base 3, what is 1000 + -10?
220
In base 8, what is -3 - 5?
-10
In base 12, what is -5 - -72?
69
In base 9, what is 2328 + -4?
2324
In base 8, what is -1 + -32?
-33
In base 13, what is 4 + 14?
18
In base 10, what is 3026 + 2?
3028
In base 5, what is -4004 - 4?
-4013
In base 9, what is 154 + 26?
181
In base 11, what is -454 - -1?
-453
In base 10, what is 3 - 14?
-11
In base 9, what is -10706 + 2?
-10704
In base 7, what is -624 - -4?
-620
In base 10, what is 4213 + 3?
4216
In base 6, what is -22041 - 3?
-22044
In base 7, what is -66 - 236?
-335
In base 13, what is 0 + 7c?
7c
In base 16, what is -1a8 + 7?
-1a1
In base 3, what is 120121 - -10?
120201
In base 15, what is 0 - -1b8?
1b8
In base 3, what is 10 + -12002200?
-12002120
In base 15, what is -52 - -21?
-31
In base 5, what is 1012 + 3?
1020
In base 5, what is -10 - -11410?
11400
In base 2, what is -100 - 10000110?
-10001010
In base 3, what is 1112112 - -11?
1112200
In base 5, what is -2410 + 4?
-2401
In base 6, what is 112 - -121?
233
In base 3, what is -2020 + 11?
-2002
In base 4, what is -13 + 2012?
1333
In base 5, what is 4 - -24030?
24034
In base 15, what is -3 + -1155?
-1158
In base 14, what is -624 + -4?
-628
In base 4, what is -1332 - 120?
-2112
In base 11, what is -3 + 28?
25
In base 7, what is 3 + -63?
-60
In base 15, what is 33 - -3?
36
In base 6, what is -221 + -34?
-255
In base 14, what is 3a + 6?
42
In base 13, what is -6cb - -11?
-6ba
In base 8, what is 45 + -6?
37
In base 14, what is 190d - 3?
190a
In base 11, what is 0 + 2a2?
2a2
In base 2, what is 101 - -100111101010?
100111101111
In base 10, what is 5 + 166?
171
In base 7, what is -1130 + 0?
-1130
In base 4, what is 10 + -333?
-323
In base 15, what is -5 - 12e?
-134
In base 11, what is -2 + 3?
1
In base 7, what is 56206 + -4?
56202
In base 7, what is -26 + 3?
-23
In base 6, what is 1355011 + 5?
1355020
In base 16, what is 2 + -1c7?
-1c5
In base 3, what is -111 + 101?
-10
In base 7, what is -6 - 23?
-32
In base 10, what is -3 + -1767?
-1770
In base 12, what is 4b - 36?
15
In base 3, what is 10 + -2101?
-2021
In base 13, what is -55 - 15?
-6a
In base 9, what is -8 + -2211?
-2220
In base 11, what is -72 - 3?
-75
In base 9, what is -1311 - 5?
-1316
In base 7, what is -30132 - 0?
-30132
In base 13, what is -4 + -3c07?
-3c0b
In base 12, what is 4 + 266?
26a
In base 8, what is 52 - 1?
51
In base 3, what is -10012 - -200?
-2112
In base 12, what is 188 - 1?
187
In base 7, what is 42331 - 4?
42324
In base 12, what is 5 + 184?
189
In base 9, what is 14 - -11?
25
In base 4, what is -11 - 13132?
-13203
In base 5, what is 140 - -323?
1013
In base 5, what is 1 + 1130?
1131
In base 7, what is -5 + 35?
30
In base 7, what is 154 - -105?
262
In base 15, what is -4 - -145?
141
In base 5, what is -31 + -1220?
-1301
In base 3, what is -1101122121 + 2?
-1101122112
In base 6, what is 33 + -5?
24
In base 14, what is -18 - 1?
-19
In base 13, what is 5 + -23?
-1b
In base 10, what is 5 - 191?
-186
In base 12, what is -4 - -15?
11
In base 6, what is 111 + -1?
110
In base 12, what is 2 - 515?
-513
In base 10, what is -905 - 0?
-905
In base 13, what is 0 + -118?
-118
In base 3, what is 202 + -20?
112
In base 7, what is -10 - -40?
30
In base 13, what is 10 + -3?
a
In base 4, what is -2 + 212?
210
In base 4, what is 322 + 1121?
2103
In base 13, what is -37 + -39?
-73
In base 2, what is -1 + 111110?
111101
In base 14, what is -3 - -60?
5b
In base 2, what is 1000 + 101001?
110001
In base 8, what is 5 + 154?
161
In base 14, what is -11 - -b0?
9d
In base 12, what is 4 + 30?
34
In base 14, what is -31a5 - -3?
-31a2
In base 16, what is 18 - d?
b
In base 15, what is -eb + 2?
-e9
In base 15, what is 44c - b?
441
In base 4, what is 130132 + -1?
130131
In base 6, what is -2 + 133?
131
In base 4, what is 3311 - 3?
3302
In base 4, what is -131 + -10302?
-11033
In base 8, what is -5 + -46?
-53
In base 11, what is -1123 - -3?
-1120
In base 3, what is 1112122 - -1?
1112200
In base 13, what is -404 - -4?
-400
In base 4, what is 203 - -3020?
3223
In base 7, what is 3 + -151?
-145
In base 6, what is 4 + -2250?
-2242
In base 14, what is -2 - -635?
633
In base 8, what is 14 - -1534?
1550
In base 7, what is 333 + 23?
356
In base 16, what is 249 - 5?
244
In base 3, what is 1101 - 20?
1011
In base 5, what is -414 - 1?
-420
In base 10, what is -641 - -4?
-637
In base 9, what is -4 - 2150?
-2154
In base 4, what is -220 + -1?
-221
In base 2, what is 10 - -1010000101?
1010000111
In base 4, what is 1031 - -10?
1101
In base 15, what is 2a - 23?
7
In base 13, what is 3 + 13?
16
In base 13, what is -8 - 6?
-11
In base 7, what is 3 + 11423?
11426
In base 11, what is -163 - -9?
-155
In base 13, what is 3 - 38?
-35
In base 13, what is -10693 + 4?
-1068c
In base 16, what is 1 + 4f?
50
In base 9, what is 356 - 4?
352
In base 11, what is 10 - 224?
-214
In base 16, what is -c2 + -18?
-da
In base 7, what is 31 - -20?
51
In base 9, what is -18 - 333?
-352
In base 3, what is -212 + -2?
-221
In base 6, what is -410 + -302?
-1112
In base 10, what is -15 - 413?
-428
In base 10, what is 4 - -40?
44
In base 6, what is -504 - 121?
-1025
In base 10, what is 5 + 3136?
3141
In base 3, what is 2222 - 21?
2201
In base 7, what is -650 - 10?
-660
In base 4, what is 1220 - 0?
1220
In base 13, what is 5 + c9?
101
In base 12, what is -8 + -786?
-792
In base 11, what is 13 - 88?
-75
In base 8, what is -34 - 5?
-41
In base 7, what is 0 - 215?
-215
In base 10, what is -24 + -31?
-55
In base 10, what is 210 - 5?
205
In base 13, what is 1b6 + -11?
1a5
In base 10, what is 47 - 0?
47
In base 2, what is 10 - -1010001?
1010011
In base 7, what is -1 - -305?
304
In base 4, what is -10 + -2302?
-2312
In base 15, what is 6 + -e?
-8
In base 14, what is 142cc + -2?
142ca
In base 6, what is 10 - 424?
-414
In base 13, what is -53 + 7?
-49
In base 4, what is 1023 - 